24 - 1035. Calculate c(i).
11
Let p(u) = -13*u**2 - 8*u + 5. Let w(i) = -15*i**2 - 9*i + 6. Let f(s) = -7*p(s) + 6*w(s). Give f(-3).
4
Let v(s) be the second derivative of 5*s**3/6 + s**2 - 2*s + 2. What is v(-2)?
-8
Let m(f) = 22*f**2 + 12*f - 10. Let v(p) = -9*p**2 - 5*p + 4. Let k(c) = -5*m(c) - 12*v(c). Give k(-2).
-6
Let s = 478 - 467. Let a(z) = -z**2 + 15*z - 5. Give a(s).
39
Let d(i) = -32*i - 2*i**3 + 15*i - 1 + 0*i**3 + 19*i. What is d(1)?
-1
Suppose 0 = -3*f - 3*g + 6, -3*f - 4*g + 10 = 2*f. Suppose 3*k - f = 4, 5*d = -4*k - 12. Let h(u) = 4*u**2 - 1 - 2*u**2 + 7*u + 5. What is h(d)?
8
Let w(v) = 6*v - 14. Let f(l) = -2*l + 4. Let o(q) = 8*f(q) + 3*w(q). Calculate o(7).
4
Let x(z) = -z**3 - z - 5. Suppose 0 = -f + 5*t + 30, 0 = 4*f - 3*f - t - 14. Suppose 14*q = f*q. Give x(q).
-5
Let r(v) = 2*v**2 + 5*v + 2. Let u be 2 - 3 - (2 + 0). Let p be r(u). Suppose 0 = p*q - 2*q - 3, 0 = -3*c + q - 19. Let o(w) = -w**2 - 4*w + 7. What is o(c)?
-5
Let z be 52/((7/(-6))/7). Let a be (-6)/(-14) + z/(-56). Let x(h) be the third derivative of -h**6/120 + h**5/12 + 5*h**4/24 - h**3/6 + h**2. Determine x(a).
-7
Let w(k) = k**2 - 6*k - 1. Suppose 0 = -6*s - 123 - 111. Let o be ((-2)/2)/((-65)/s)*-5. Determine w(o).
-10
Let l(d) = -3*d**3 + 2*d**3 + 2 + 0*d**2 - 2*d - 2*d**2 + 5*d**2. Let n be l(2). Let k(f) = -f**2 + 0*f**2 + 6*f**n - 1 + 0*f**2. What is k(1)?
4
Suppose 0 = 5*m - 32 + 12. Suppose -m*d + 0*q = q - 25, 0 = 3*d + 5*q - 23. Let s(z) = -z - 9. Let x(l) = -l. Let v(h) = s(h) - 2*x(h). Determine v(d).
-3
Let k(s) be the first derivative of 2*s**3 + 3*s**2/2 - s - 309. What is k(-3)?
44
Let v(t) be the third derivative of -t**6/120 + t**5/5 - t**4/24 + 8*t**3/3 + 19*t**2 + 14. Give v(12).
4
Let l(p) = 2448*p + 2443*p - 4889*p. Let b = -5 + 8. Suppose -b = -3*f - 6. Determine l(f).
-2
Suppose -3*v + 2 - 14 = 0. Let c(n) = n**2 + 4*n - 3. Let d be c(v). Let q(r) = -2*r**3 - 4*r**2 + r - 1. What is q(d)?
14
Suppose 4 = -3*x - 0*x - 5*i, i = -x. Let t be (x - (-32)/(-10))*-35. Suppose -5*p = 7 - t. Let j(c) = c**2 - 6*c - 1. What is j(p)?
6
Let c(k) = -4*k - 5. Let r(j) = 5*j + 6. Let p(g) = -6*c(g) - 5*r(g). Give p(2).
-2
Let q(h) be the first derivative of -h**4/4 - 4*h**3/3 - h**2 - 3*h + 2. Let o be q(-3). Let n(y) = -3*y - 16*y - y**3 - 3 - 6*y**2 + 18*y. What is n(o)?
3
Let a(g) = g**2 - g. Let m be (6 - 8) + (4 - 3) - -2. Determine a(m).
0
Let g(z) = 352 - 707 - z + 356. Suppose 3*r = -5*h - 29, 2 = r - 2*h - 3. Determine g(r).
4
Let s = 28 + -24. Let g(l) = 5*l**3 + 4*l**2 + 4*l + 7. Let p(a) = 4*a**3 + 4*a**2 + 3*a + 6. Let f(r) = -5*g(r) + 6*p(r). Determine f(s).
-7
Let i(j) = 9251*j - 14 - 9250*j - 4. What is i(10)?
-8
Suppose -4 - 1 = i. Let b(p) = -4*p - 5. Let f(q) be the first derivative of 5*q**2/2 + 6*q + 11. Let j(c) = 3*b(c) + 2*f(c). What is j(i)?
7
Let s = 342 + -340. Let t(d) = -2*d**3 + 2*d**2 - 3*d + 2. What is t(s)?
-12
Suppose -35 = -4*g - 59. Let n(o) = 3*o + 19. What is n(g)?
1
Let n(f) be the second derivative of 0 - 1/2*f**4 - 3/2*f**3 + 1/20*f**5 + 4*f**2 + 6*f. Determine n(7).
-6
Let b(c) = -c + 2. Suppose 3*d + 0*d = l - 5, -4*d - 4 = -4*l. Let r be ((l - 3) + 7)*1. Give b(r).
-1
Let h(m) be the first derivative of 2*m**3/3 - 15*m**2/2 - 5*m + 75. Calculate h(8).
3
Let j = -281 - -278. Let y(q) = 8*q + 3. Give y(j).
-21
Suppose 28*r = 23*r + 15, 2*j - 4*r = -12. Let m(q) be the second derivative of q**3/6 - 3*q**2/2 + 2*q. Calculate m(j).
-3
Let q(m) be the third derivative of -m**4/12 + 29*m**3/6 + 54*m**2 + 7*m. Give q(0).
29
Let d(a) = 2*a**3 + a**2 - 4*a. Let f(b) = 10*b**3 + 7*b**2 - 20*b + 1. Let y(o) = 11*d(o) - 2*f(o). Give y(-2).
-22
Let z(k) = -k**2 + 76*k - 170*k + 90*k + 1. Let l = -18 + 13. What is z(l)?
-4
Let i(l) = l**2 + 2*l - 4. Let c be 60/24 - 10/4. Determine i(c).
-4
Let p(y) = -6 - 4*y + 11 - 3*y**2 + 4 + 6*y + y**3 + 7*y**2. Give p(-4).
1
Suppose -p = 3, -j + 2*p - 3 = -11. Let a(v) = -6 + v - 3*v**2 + 8 + 4*v**j + 1. What is a(0)?
3
Let x(j) = -j - 13. Let g be x(-9). Let n(i) = -108*i - i**3 - 3 + 106*i + 0*i**3 - 4*i**2. What is n(g)?
5
Let c(u) = -u**3 + 10*u**2 - 1. Let y be c(9). Suppose h - y = -88. Let x(b) = -b**2 - 8*b + 3. Calculate x(h).
3
Let w be (-16)/(-5 - -1) + -2. Let r(z) = -2*z - 3*z**2 + 5*z + 3*z**3 - 4*z**3 + 3 + w*z. Let f be r(-4). Let n(m) = -7*m + 1. Determine n(f).
8
Let c(z) be the second derivative of -z**3/6 + z**2 + z - 4. Calculate c(-4).
6
Let z(l) be the third derivative of -l**6/120 - 3*l**5/20 - 5*l**4/12 + l**3/6 - 79*l**2. Give z(-7).
-27
Let c(d) = -9*d**2 + 3*d - 2. Let r = -240 + 242. What is c(r)?
-32
Suppose -32*t + 12 = -26*t. Let r(k) = -2*k + 2*k**2 - 3*k**2 - 2 + t - 1 - k**3. Calculate r(-1).
1
Let s(a) = a**3 - 3*a**2 - 2. Let u be (99/(-18))/(2/(-4)). Suppose 2*i - 3 = u. Let b be i - (-2 + 1 + 4). Give s(b).
14
Suppose -4*z - 34 - 18 = 0. Let k(j) = -j**2 - 13*j. Give k(z).
0
Let v = 7 + -1. Suppose -78*o - v = -76*o. Let c(z) = -z**3 - 2*z**2 + 3*z. Determine c(o).
0
Let r(c) = -c**2 - 1. Let b(g) = -2*g**3 - 12*g**2 + g + 8. Let p be b(-6). Suppose -2*s = -4*j - 5 - 11, 0 = -3*s - p*j. Determine r(s).
-5
Let x(j) be the first derivative of 2*j**3/3 - 4*j**2 - 8*j - 273. Calculate x(5).
2
Let x = 7 - 2. Let b(q) = 4*q + q + 11*q**3 + x - 3 - 10*q**3 - 6*q**2. Let o(m) = m**3 - 5*m**2 + m. Let k be o(5). Calculate b(k).
2
Let q(i) = i. Let f(v) = -7*v + 3. Let o(w) = -f(w) - 6*q(w). Let l = 18 - 13. Suppose 4*m - l*z + 4 = 0, -4*z = 22 - 6. Determine o(m).
-9
Let i(y) = 2*y**3 + 2*y**2 + 3*y + 4. Let h(u) = 3*u**3 + 2*u**2 + 4*u + 5. Let b be 16/(-3) + 34/102. Let f(m) = b*i(m) + 4*h(m). What is f(1)?
1
Let j(p) = -3*p**2 + 4*p - 3. Let i(r) = -r**3 - 10*r**2 + 2*r + 22. Suppose -4*l = -4*d - 48, 5*d + l + 38 = d. Let c be i(d). Determine j(c).
-7
Let w = 10 + -10. Suppose -2*b - 4 - 6 = w. Let j be (6/b)/(2/10). Let i(f) = f**2 + 8*f + 6. Give i(j).
-6
Suppose -k + 42 = k. Suppose 0 = -5*v - 11 + k. Let b(i) = 4*i**2 - 2*i + 1. Give b(v).
13
Let y(a) be the second derivative of a**6/120 - a**5/60 - 5*a**4/24 + a**3/2 + 13*a**2/2 + 29*a. Let d(m) be the first derivative of y(m). Calculate d(3).
6
Let z(j) = j**3 - 7*j**2 - 8*j + 9. Suppose 0 = -3413*a + 3422*a - 72. Give z(a).
9
Let w(k) be the third derivative of -k**6/180 + k**5/40 + k**4/24 - k**3/6 + 11*k**2. Let j(r) be the first derivative of w(r). Give j(-2).
-13
Let w be (0 - (-18)/15)*5. Let l(u) = u**3 - 5*u**2 - 4*u - 8. Calculate l(w).
4
Let r(b) = b**2 - 2*b + 7. Let u(t) = t**3 + 2*t**2 + 4. Let w be u(2). Suppose 14*q - 10*q - w = 0. Give r(q).
22
Let l(r) be the third derivative of -5/3*r**3 + 3/8*r**4 - r**2 + 0*r - 1/60*r**5 + 0. Let g be ((-28)/40)/(141/(-1410)). Give l(g).
4
Let w = 0 - -10. Let g(l) = 6*l - 8 - w*l + 0*l. Let d(n) = -n - 3. Let a(m) = -11*d(m) + 4*g(m). Calculate a(1).
-4
Let j(m) = -m - 8. Suppose 101 = -5*t + 1. Let u be (-50)/t*(-12)/(-5). Suppose 0*z + u = -z. What is j(z)?
-2
Let k(g) = 0 - 12*g**3 + 0. Let c = 14 - 0. Let t = c + -15. Calculate k(t).
12
Let b(x) be the second derivative of x**5/20 - x**4/2 - 5*x**3/6 - 3*x**2 + x + 25. Let y be -2 + 9 - (-1 + 1). What is b(y)?
8
Let b be 7 - (5 - (4 + -7)). Let p(v) = 4*v**3 - v**2 - v - 1. Determine p(b).
-5
Let t = -11 - -7. Let q(p) be the first derivative of -p**6/180 - 7*p**5/120 - 5*p**4/24 - 5*p**3/3 - 1. Let j(n) be the third derivative of q(n). Give j(t).
-9
Let f(d) = d**2 - 5*d. Suppose -4*u = -4*o - 0*u + 4, 5*u = 4*o. Calculate f(o).
0
Suppose -4*j = -5*n - 32, -3*n - 7 = -3*j + 14. Let z(c) = c - 7*c**2 + c**3 - 2 - j + 0*c + 4. Let r(m) = m**3 + 3*m**2 - m + 4. Let a be r(-3). Give z(a).
6
Suppose -1880 = 8*y - 1856. Let v(a) = -a - 4. Let z be v(-5). Let f be (y - -3)/(1/z). Let b(w) = -w**3 - w**2 + w - 3. Determine b(f).
-3
Let o(m) be the second derivative of -3*m**3/2 + 52*m**2 + 589*m. Determine o(11).
5
Let c(m) be the first derivative of -3*m**2/2 - 27*m - 859. Calculate c(-10).
3
Let k(a) = a**2 - 17*a + 9. Suppose -p - 2*i = -24, 20*i - 40 = -2*p + 18*i. Calculate k(p).
-7
Let y(t) = -2*t**2 + 5*t**3 + 3*t**2 - t - 4*t**3. Let x be y(1). Let k(i) = 2 + 4 + 2*i**3 - 5 - i. Calculate k(x).
2
Suppose f + 4*f = 0. Let h be (f - 2)/(-1 + 2). Let c(k) = -6*k. Calculate c